divided by r.
7
Let q = -210 - -226. Calculate the remainder when 3/1*15/1 is divided by q.
13
Suppose 56 = -48*k + 488. Calculate the remainder when 80 is divided by k.
8
Suppose -2*p - 98 = w - 1466, 6 = -3*w. What is the remainder when p is divided by 49?
48
Suppose -5*r + r + 712 = -2*n, 3*n = 4*r - 714. Calculate the remainder when r is divided by 50.
27
Let c = -1123 - -1160. What is the remainder when 1405 is divided by c?
36
Let o = -10 - -21. Let n = -6 - -18. What is the remainder when -1*(n/4 - 23) is divided by o?
9
Let r = -426 + 504. Calculate the remainder when r is divided by 40.
38
Suppose -12 = -24*w + 204. What is the remainder when 825 is divided by w?
6
Let c = 169 - 149. What is the remainder when 59 is divided by c?
19
Let a = 35 + -34. Suppose -2*t + 12 = 2*g - 14, -54 = -4*g - 3*t. Calculate the remainder when 60/(-15) - (-46)/a is divided by g.
12
Let f(a) = -4*a**2 + a + 1. Let v be f(-1). Let t = -2 - v. Suppose 0 = t*u - 0 - 10. Calculate the remainder when 12 is divided by u.
2
Suppose -k + 6 = i, -5 + 1 = 2*i - 2*k. Suppose 2*d - 40 = -l, i*d = -4*l - 5 + 51. What is the remainder when 93 is divided by d?
17
Let d = -401 + 586. Let v = -91 + d. Calculate the remainder when v is divided by 32.
30
Let z = -37 - -71. Suppose -4*c = -12, c - 19 - z = -5*g. Calculate the remainder when 108 is divided by g.
8
Let x(s) = -41*s - 46. What is the remainder when x(-3) is divided by 11?
0
Let l(b) = b**2 - b + 4. Suppose 2*k - 20 = 4*p, -2*k = -p - 12 - 14. What is the remainder when k is divided by l(3)?
4
Let l(g) = g - 10. Let s be l(-15). Let a = s + 41. What is the remainder when -5 + (-8)/(-4) - -64 is divided by a?
13
Let x be 249/12 - (-7)/((-56)/6). Suppose x*q = 13*q + 119. Calculate the remainder when 31 is divided by q.
14
Suppose 4*j = 150 + 162. What is the remainder when j is divided by 41?
37
Let b = 37 - 37. Suppose 4*w - 5*w + 51 = b. Calculate the remainder when w is divided by 11.
7
Let s = 7 + 14. Suppose 0 = -6*j + 9*j - 186. What is the remainder when j is divided by s?
20
Suppose 3*v - 41 - 124 = 0. Let o(h) = h**3 + h**2 + 2*h + 121. Let q be o(0). Suppose 5*y + 26 - q = 0. Calculate the remainder when v is divided by y.
17
Suppose -32*b + 34*b - 64 = 0. Calculate the remainder when 63 is divided by b.
31
Let q be (-1)/((-4)/10*(-5)/(-4)). Calculate the remainder when q + (-52)/28 + 1530/21 is divided by 19.
16
Let i be (-2 + 8)*(-2)/9*-3. What is the remainder when 6 is divided by i/(80/96*(-16)/(-10))?
0
Suppose -44*q + 20 = -39*q. Suppose q*l + l - 90 = 0. Calculate the remainder when 88 is divided by l.
16
Suppose -3*s - 60 - 246 = 0. Let k = s - -172. Calculate the remainder when k is divided by (-6)/4*(-13 + 1).
16
Let w(v) = v**2 - v + 2. Let n be 77/35 - 1 - 4/(-5). Calculate the remainder when 11 is divided by w(n).
3
Let c be (18/(-27))/((-2)/(-114)). Let p be c/((-6)/(-10) + -1). Suppose 5*i - 5*j - p = -3*j, i - 11 = 2*j. Calculate the remainder when 39 is divided by i.
18
Let f = 520 - 509. Suppose 0 = -3*t - 2*t + 55. Calculate the remainder when t is divided by f.
0
Let z = 28 + -33. Let l(a) = a**2 + 3*a + 5. What is the remainder when 28 is divided by l(z)?
13
Let a(x) = 116*x + 1. What is the remainder when a(1) is divided by 15?
12
Let i = 21 + -2. Let r = i + -14. What is the remainder when 27 is divided by 2 - (r*-2 - 2)?
13
Let q be 0/((-1)/((-5)/15)). Suppose q = 3*r - 0*d + 4*d - 140, 5*r - 4*d = 244. Calculate the remainder when 142 is divided by r.
46
Let p(z) = 0*z**2 + 3*z**2 + 8*z**2 - 2*z**2. Let w(o) = 2*o**2 + 3. What is the remainder when p(3) is divided by w(-3)?
18
Let j = -204 - -341. Calculate the remainder when j is divided by 71.
66
Calculate the remainder when 386 is divided by (-9)/(-6) + 425/10.
34
Suppose -3*w - w = -4*s - 20, -2*s = 4*w - 8. Suppose -m + 12 = 4*j, 0 = 5*j - w*j + 2. What is the remainder when 60 is divided by m?
12
Let w(s) = -s**2 - 12*s - 6. Let q(k) = k**2 - 9*k + 20. Suppose 9 = -2*d + 5*y, -3*y + 19 = 3*d - 4*y. What is the remainder when w(-9) is divided by q(d)?
9
Let b(i) = -i**3 + 29*i**2 - 50*i - 51. Calculate the remainder when 221 is divided by b(27).
50
Calculate the remainder when 211 is divided by (1 - -131)/2 - (-135)/27.
69
Suppose -525 - 1218 = -7*u. Calculate the remainder when u is divided by 26.
15
Let v(z) = z**2 + 19*z - 81. What is the remainder when 18 is divided by v(-23)?
7
Let p be -2*((-4)/(-1) + -5). What is the remainder when 67 is divided by p/(-12) + ((-935)/(-6))/11?
11
Calculate the remainder when 13 is divided by 4/42 - (-7519)/1533.
3
Let n(d) = d - 5. Let i be (-12)/(-4) + (-2 - 0). Suppose 3*g = i + 23. What is the remainder when n(g) is divided by 3?
0
Suppose -4 = -2*z + 50. Suppose 3*n = -5*d + 228 - 161, -4*d = 4*n - 52. Calculate the remainder when z is divided by d.
13
Suppose 52*h + 1511 = 8271. Calculate the remainder when h is divided by 53.
24
Let f(h) = -81*h + 250. What is the remainder when f(-7) is divided by 103?
96
Suppose -2*h = -7*h + 525. Calculate the remainder when 114 is divided by h.
9
Let g be 140/(-25) + 2/(-5). What is the remainder when 129 is divided by 1236/36 - (-8)/g?
30
Let x = -162 + 193. Calculate the remainder when x is divided by 16.
15
Suppose -57 = -13*s - 6*s. What is the remainder when 9 is divided by s?
0
Let r = 125 + -99. Calculate the remainder when 437 is divided by r.
21
Suppose 1 = -b, -2*s - b = -44 - 13. Suppose 0 = 4*n + 2*r - 4*r - 430, -3*n + 312 = 2*r. What is the remainder when n is divided by s?
19
Let p = -26 - -38. Let u be -7 - (8 + 0 + -3). Let v = p - u. What is the remainder when v is divided by 5?
4
Suppose o = -4*o, 3*u - 36 = -3*o. Suppose 0 = 11*c - 14*c - 2*z + 135, -3*c + 2*z = -135. What is the remainder when c is divided by u?
9
Let t(s) = s**3 - 5*s**2 + 8*s - 3. Let o be t(3). Suppose -o*q = 2*j - 35, 0*q + 2*q - 3*j - 45 = 0. Calculate the remainder when 59 is divided by q.
14
Suppose -c - 2*f = -11, c = -9*f + 10*f + 17. Calculate the remainder when 163 is divided by c.
13
Suppose -4 = 4*n, -3*n - 45 = -4*x + 154. Calculate the remainder when 49 is divided by x.
0
Let f = -1808 + 1814. Calculate the remainder when 1049 is divided by f.
5
Suppose 4*s - 4*p - 320 = 0, 2*p = -2*s + 6*p + 152. Let z be (-4)/10 - s/(-60). Calculate the remainder when 37/(z/(4/4)) is divided by 20.
17
Let b = -221 + 270. What is the remainder when b is divided by 32?
17
Let x = 352 - 277. What is the remainder when x is divided by 26?
23
Let f(z) = -z**3 + 5*z**2 + 9*z - 1. Let j(m) = -m + 2. Let c be j(-4). What is the remainder when 66 is divided by f(c)?
15
Let h(m) = -m**2 + 14*m - 14. Let t be h(13). Let r be ((-60)/48)/(t/(-4)). Calculate the remainder when 42 is divided by 2/r + (-399)/(-35).
9
Suppose -o + 2*q = -20, -5*o + 62 + 38 = 4*q. Let a = o - 3. What is the remainder when 67 is divided by a?
16
Let j(h) = -25*h + 167. Calculate the remainder when 422 is divided by j(6).
14
Let b = -69 + 101. What is the remainder when 2208/14 + 4/14 is divided by b?
30
Suppose -12 + 3 = -3*s. Let g(c) = -4 + c + 5*c**2 + 9 + 0*c. Calculate the remainder when g(s) is divided by 14.
11
Suppose 0 = 3*p - 4*p - 37. Let f = 65 + p. What is the remainder when 109 is divided by f?
25
Suppose 7 = 2*b - 5. Let v(x) be the third derivative of x**4/24 + 17*x**3/6 + 139*x**2. Calculate the remainder when 67 is divided by v(b).
21
Suppose -41*w = -42*w + 3. Suppose 4*p + 4*y = 6*y + 770, w*p - y = 575. What is the remainder when p is divided by 16?
14
Suppose -y + 2*v + 124 + 44 = 0, -2*y + 339 = -3*v. Calculate the remainder when y is divided by 59.
56
Let s be ((-24)/(-18))/((-4)/6). What is the remainder when 15/(-6) - s - (-202)/4 is divided by 13?
11
Let r = 35 - 31. Suppose -3 = -4*v + 9. Calculate the remainder when r is divided by v.
1
Let w = -111 + 102. Let s = 1 - w. Calculate the remainder when 18/(-15)*80/(-3) is divided by s.
2
Let z(k) = 446*k**3 + k**2 + 5*k - 5. Calculate the remainder when z(1) is divided by 25.
22
Suppose 1 = -4*t + 13. Calculate the remainder when 11 is divided by t.
2
Suppose -6984 = -145*q + 10271. Let w = -5 - -15. What is the remainder when q is divided by w?
9
Let s = 90 - 26. Suppose -4*d - 16 = m - 3*m, -d - 5*m + 7 =